26/(-26). Let y(a) = -a**3 - 5*a**2 - 7*a - 1. Calculate the remainder when 65 - ((-3)/(-18)*0)/3 is divided by y(b).
31
Let g = 107 - 195. Let c = g + 125. Calculate the remainder when c is divided by -2 + 3 - (-18)/2.
7
Let n(d) = -d**2 + 12*d - 18. Let u be n(10). Suppose -u*r - 2*l + 36 = 0, 2*r - l = 6*r - 81. What is the remainder when 41 is divided by r?
20
Let x be 9/(-6)*(-24)/9. Suppose l + 3*i - 9 = 8, 4*l - 4 = x*i. Calculate the remainder when (-98)/(-35)*1*l is divided by 9.
5
Let l = -123 + 209. Suppose -l = -5*k + 3*k. Suppose 12 + k = 5*n. Calculate the remainder when 19 is divided by n.
8
Suppose 0 = 4*m - n - 731, 3*n + n - 187 = -m. Calculate the remainder when m is divided by 48.
39
Let g(r) = 3*r**3 + 3*r**2 + 4*r + 3. Let h be g(-2). Let f = 150 + h. Suppose 5*x - 297 = f. What is the remainder when x is divided by 29?
28
Suppose y + 839 = 10*r - 5*r, -350 = -2*r + 4*y. Calculate the remainder when r is divided by 87.
80
What is the remainder when 32 is divided by 37 - 30 - 12/2?
0
Let v = 170 + -149. Let n(h) = h**3 - 19*h**2 - 28*h - 32. Calculate the remainder when n(v) is divided by 38.
34
Suppose -3*a = 4*o - 20, 5*o = 5*a + 68 - 8. Calculate the remainder when 237 is divided by (4 + o)/(-3) + 38.
33
Suppose -y - 1 + 14 = 0. Suppose -11*w + y*w = 150. Suppose 4*b - b - w = 0. Calculate the remainder when b is divided by 13.
12
Suppose -20*d = -943 - 157. What is the remainder when 327 is divided by d?
52
Let q(f) = f**2 - 12*f - 23. Let y be q(17). Let k(c) = -c**2 - 3*c + 3. Let i be k(-3). Suppose i*s = -11 + y. What is the remainder when s is divided by 6?
5
Let d = -993 + 1232. What is the remainder when d is divided by 16?
15
Let t(f) = -458*f + 2320. Suppose 2*i = -3*i + 145. Suppose -q + p = 3*q - i, -2*q + 4*p + 4 = 0. What is the remainder when t(5) is divided by q?
6
Suppose -27 = -3*x - 2*k + 2, 5*x + 3*k = 50. Let p(b) = 28*b**2 + 6*b + 3 - 2 - 25*b**2. Calculate the remainder when p(-4) is divided by x.
12
Suppose 28 = 2*w - 26. Suppose t + 4 = w. What is the remainder when 90 is divided by t?
21
Let a(j) be the first derivative of j**4/4 + 5*j**3/3 - 5*j**2 - 19*j + 2. Calculate the remainder when 18 is divided by a(-6).
3
Suppose 3*v = 4*p - 689, -885 = -3*p - 2*p - v. Let o = -83 + p. What is the remainder when o is divided by 12?
9
Let k(x) = -x**2 + 8*x - 5. Let g be k(10). Let q = 47 + g. Calculate the remainder when 86 is divided by q.
20
Let v = -387 + 419. What is the remainder when v is divided by 7?
4
Let i(q) = q**2 - 5*q - 9. Let r be i(7). Suppose -4*u = 3*s - 3, r*u = 3*s - 5 + 2. Suppose 0 = -2*o - s + 29. What is the remainder when 40 is divided by o?
12
Let q = 27 + -18. What is the remainder when (5/10)/(1/50) is divided by q?
7
Suppose -3*x + 5*r = 70 - 404, 4*r = -3*x + 343. What is the remainder when x is divided by 29?
26
What is the remainder when 129 is divided by (-3)/(6/8) + -6 + 56?
37
Let b(s) = s + 57. Suppose 0 = -6*c - 77 - 7. What is the remainder when b(c) is divided by 15?
13
Let r(z) = -3*z**2 - 24*z - 1. Calculate the remainder when 89 is divided by r(-7).
9
Let h = 14 + -10. Suppose 3*z - 45 = -h*w, z = w - 0*w - 20. What is the remainder when w is divided by 6?
3
Let l be 1/((-4)/16) + 9. Suppose l*m + 14 = 69. Calculate the remainder when 53 is divided by m.
9
Let c = 23 + -31. What is the remainder when 98/3 + c/(-24) is divided by 12?
9
Suppose 243*n = 244*n - 26. Let v(w) = w**2 + w - 6. Calculate the remainder when n is divided by v(-5).
12
Let i(d) = d**3 + d + 43. Let w be i(0). Let k = 48 - w. Suppose 19 = -3*n + 4*n. What is the remainder when n is divided by k?
4
Suppose l + 0*n + 4*n = 24, 3*l - 4*n - 24 = 0. Suppose 76 = 4*x + l. Let q = -9 + x. Calculate the remainder when q is divided by 5.
2
Let v be (5 + -4)*-1*-4. Suppose v*b - 6 = b. Suppose 6 = -b*n, -2*t + 0*n + 26 = -4*n. What is the remainder when 13 is divided by t?
6
Let o = 90 - 60. Suppose o = 9*r - 132. Calculate the remainder when 34 is divided by r.
16
Let k = 13 - 11. Let m(h) = -3*h**k + 0 + 0 - 2 + 4*h**2. Calculate the remainder when m(5) is divided by 4.
3
Let f = -131 + 169. Calculate the remainder when f is divided by 22.
16
Let c(k) = -k**3 + 9*k**2 + 12*k + 12. Let i be c(9). Suppose 2*n + 0*n = z + 74, -4*n - 5*z + i = 0. Calculate the remainder when n is divided by 13.
9
Suppose 0*u - 2*x = -2*u + 136, -3*x = -u + 68. Let s = u - 59. Calculate the remainder when 23 is divided by s.
5
Let z be (12/9)/(10/45). What is the remainder when (-16)/(4 - z)*10 is divided by 41?
39
Let s(j) = -j**2 - 22*j + 3. Suppose u = -0*u + 13. Calculate the remainder when s(-18) is divided by u.
10
Suppose 179 = 4*m + 159. What is the remainder when 47 is divided by m?
2
Let n = 185 - 157. What is the remainder when 109 is divided by n?
25
What is the remainder when 82 is divided by 1/(2/40) - 6?
12
Suppose 14*t - 1500 + 478 = 0. What is the remainder when t is divided by (-246)/(-12) + (-2)/4?
13
Suppose -11*d + 63 = -2*d. Suppose -384 = -d*n - 9*n. What is the remainder when n is divided by 9?
6
Suppose 620 = 12*f - 2*f. What is the remainder when f is divided by (-3 - 0)/((-6)/14)?
6
Let x(v) = -v**3 + 7*v**2 + 9*v + 8. Let h be (-2)/(-4) + 135/18. Calculate the remainder when 63 is divided by x(h).
15
Suppose -5*o = -0*o - 195. What is the remainder when 170 is divided by o?
14
Let l = 636 + -534. What is the remainder when l is divided by 46?
10
Let d(r) be the second derivative of -r**4/12 + 11*r**3/6 - 3*r**2/2 - 4*r. What is the remainder when d(9) is divided by ((-15)/6)/((-1)/2)?
0
Let i(k) = -k**3 - 10*k**2 - 2*k + 24. What is the remainder when 212 is divided by i(-10)?
36
Let i(b) = -b + 2 - 2*b + 0. Suppose 8*h = 2*h + 42. Calculate the remainder when i(-6) is divided by h.
6
Let v(k) = -2*k - 1 - 29*k**2 + 31*k**2 - 4*k. Calculate the remainder when (-4)/22 + 1/((-33)/(-3108)) is divided by v(5).
18
Let l(a) = -4*a**3 - a + 21. Calculate the remainder when 419 is divided by l(0).
20
Suppose 0 = 3*i - 0*i - 15. Let t(p) = -p**3 + 5*p**2 + 4*p - 7. Suppose r - 49 = -0*r. Calculate the remainder when r is divided by t(i).
10
Suppose -o = 0, 3*z - 38 = 4*o + 94. What is the remainder when 388 is divided by z?
36
Let q = -238 - -336. Let y = 36 - 42. Let s = y + q. Calculate the remainder when s is divided by 31.
30
Suppose 98*t - 279 = 505. Let d = -52 + 73. Calculate the remainder when d is divided by t.
5
Let k = -471 - -685. Calculate the remainder when k is divided by 54.
52
Let c be (72/(-9))/((-4)/(-10)). Let n(s) = -4*s**3 + s**2 + 2*s + 4. Calculate the remainder when n(-3) is divided by 29/((-5)/(c/16) - 3).
28
Suppose -17*p = 37 - 1227. Calculate the remainder when p is divided by 66.
4
Suppose 404*s - 405*s = -21. Calculate the remainder when 81 is divided by s.
18
Let f be (-27)/12*(-32)/24. Suppose -149 = f*r - 218. Suppose -7*m = -3*m - 264. What is the remainder when m is divided by r?
20
Suppose 8 = -p + 7. Calculate the remainder when 1*(p + -1) + 8 is divided by 1.
0
Let r = 390 - 276. What is the remainder when r is divided by 22?
4
Suppose -13*q + 9 = -10*q. Suppose 0 = -4*g + 4 + 108. What is the remainder when g is divided by 10/2*(q - 1)?
8
Let q be 8/(-20) + 235/25. Suppose 2*t - q - 19 = 0. Suppose 3*y = -0*y + 120. Calculate the remainder when y is divided by t.
12
Suppose 4*t + 2*r - 14 = 0, -2*t + 0*t - 2*r + 4 = 0. Suppose -5*n = -9 - 1. Calculate the remainder when (n/t)/((-2)/(-670)) is divided by 34.
32
Suppose -14*t - 63 = -15*t. Let x = t - 51. Calculate the remainder when x is divided by 2.
0
Let w(x) = 11*x - 3. Let k(j) = -10*j + 3. Let z(g) = -6*k(g) - 5*w(g). Calculate the remainder when z(8) is divided by 0 + 26/4*2.
11
Suppose 56*b = 45*b + 77. Calculate the remainder when 439 is divided by b.
5
Suppose -27 = -h + 36. Suppose 3*m + 4*j - 92 = 0, -m + 27 = -0*m + 5*j. What is the remainder when h is divided by m?
31
Let x(m) = 12*m**2 - 5*m - 10. Let v be x(-3). Suppose 0 = 11*w - 569 - v. Calculate the remainder when w is divided by 9.
8
Suppose -2*n - j + 10 = 0, 2 = -3*j + 2*j. Calculate the remainder when (1 + 30/4)/((-25)/(-50)) is divided by n.
5
Let r(z) = -z**3 - 5*z**2 - z + 6. Let s = -19 - 8. Let u = s + 47. Calculate the remainde